{"id":7,"date":"2019-11-25T11:09:46","date_gmt":"2019-11-25T11:09:46","guid":{"rendered":"http:\/\/nightsky-music.de\/neu\/unterricht\/?page_id=7"},"modified":"2021-12-21T22:15:30","modified_gmt":"2021-12-21T22:15:30","slug":"unterricht-2","status":"publish","type":"page","link":"https:\/\/nightsky-music.de\/unterricht\/","title":{"rendered":"Home"},"content":{"rendered":"<section class=\"l-section wpb_row height_small\"><div class=\"l-section-h i-cf\"><div class=\"g-cols vc_row via_flex valign_top type_default stacking_default\"><div class=\"vc_col-sm-12 wpb_column vc_column_container has_bg_color\"><div class=\"vc_column-inner us_custom_eef79b84\"><div class=\"vc_column-overlay\" style=\"background:var(--color-header-top-bg)\"><\/div><div class=\"wpb_wrapper\">[vc_custom_heading text=&#8220;Bass- und Gitarrenunterricht in Ahaus&#8220; font_container=&#8220;tag:h1|text_align:left&#8220; use_theme_fonts=&#8220;yes&#8220;]<div class=\"wpb_text_column\"><div class=\"wpb_wrapper\"><p><strong><span lang=\"DE\"><img loading=\"lazy\" decoding=\"async\" class=\"wp-image-71 alignright\" src=\"http:\/\/nightsky-music.de\/unterricht\/wp-content\/uploads\/sites\/3\/2021\/12\/header-300x111.jpg\" alt=\"\" width=\"468\" height=\"173\" srcset=\"https:\/\/nightsky-music.de\/unterricht\/wp-content\/uploads\/sites\/3\/2021\/12\/header-300x111.jpg 300w, https:\/\/nightsky-music.de\/unterricht\/wp-content\/uploads\/sites\/3\/2021\/12\/header-1024x380.jpg 1024w, https:\/\/nightsky-music.de\/unterricht\/wp-content\/uploads\/sites\/3\/2021\/12\/header-768x285.jpg 768w, https:\/\/nightsky-music.de\/unterricht\/wp-content\/uploads\/sites\/3\/2021\/12\/header.jpg 2000w\" sizes=\"(max-width: 468px) 100vw, 468px\" \/><\/span><\/strong>Willst du es richtig lernen?<br \/>\nHier gibt es Unterricht bei einem Diplom-Musiklehrer und erfahrenem Musiker.<\/p>\n<p>Unterricht in den F\u00e4chern:<br \/>\n&#8211; E-Bass und Kontrabass<br \/>\n&#8211; akustische Stahlsaitengitarre und E-Gitarre<\/p>\n<p>Der Unterricht wird gegeben einzeln oder in der Gruppe, mit Kindern oder Erwachsenen, mit Anf\u00e4ngern oder Fortgeschrittenen, bis hin zur Vorbereitung auf eine Aufnahmepr\u00fcfung an einer Hochschule.<\/p>\n<p><b><span lang=\"DE\">Eine individuelle Unterrichtsgestaltung in privater, gesch\u00fctzter Atmosph\u00e4re ist selbstverst\u00e4ndlich.<br \/>\nAuf W\u00fcnsche und Bed\u00fcrfnisse meiner Sch\u00fcler gehe ich grunds\u00e4tzlich immer ein.<\/span><\/b><\/p>\n<p>Ich arbeite im Unterricht mit modernen Lehrmitteln wie Playbacks, Drumloops und Recording des Sch\u00fclers<\/p>\n<\/div><\/div><\/div><\/div><\/div><\/div><\/div><\/section><section class=\"l-section wpb_row height_small\"><div class=\"l-section-h i-cf\"><div class=\"g-cols vc_row via_flex valign_top type_default stacking_default\" style=\"--additional-gap:15px;\"><div class=\"vc_col-sm-4 wpb_column vc_column_container has_bg_color\"><div class=\"vc_column-inner us_custom_eef79b84\"><div class=\"wpb_wrapper\"><div class=\"wpb_text_column\"><div class=\"wpb_wrapper\"><p><span lang=\"DE\">Musikgebiete:<b><br \/>\n<\/b>Ich erteile Unterricht in <strong>allen Stilen<\/strong> popul\u00e4rer Musik von Jazz bis Punkrock, von Akustik-Pop bis Metal.<br \/>\nBesondere Schwerpunkte sind:<b><br \/>\n&#8211; Jazz, Blues<br \/>\n&#8211; Rock\/Pop<br \/>\n&#8211; Funk, Soul<\/b><\/span><\/p>\n<\/div><\/div><\/div><\/div><\/div><div class=\"vc_col-sm-4 wpb_column vc_column_container has_bg_color\"><div class=\"vc_column-inner us_custom_eef79b84\"><div class=\"wpb_wrapper\"><div class=\"wpb_text_column\"><div class=\"wpb_wrapper\"><p><span lang=\"DE\">In meinem Tonstudio gebe ich weiterhin Kurse in:<b><br \/>\n&#8211; Musikproduktion<br \/>\n&#8211; Audio-Engineering<br \/>\n&#8211; Bandcoaching<\/b><\/span><b><\/b><\/p>\n<\/div><\/div><\/div><\/div><\/div><div class=\"vc_col-sm-4 wpb_column vc_column_container has_bg_color\"><div class=\"vc_column-inner us_custom_eef79b84\"><div class=\"wpb_wrapper\"><div class=\"wpb_text_column\"><div class=\"wpb_wrapper\"><p><span lang=\"DE\">Als isolierte Seminare oder in den Instrumentalunterricht integrierte Angebote sind:<b><br \/>\n&#8211; Geh\u00f6rbildung<br \/>\n&#8211; Harmonielehre<br \/>\n&#8211; Songwriting\/Komposition<br \/>\n&#8211; Arrangement <\/b><\/span><\/p>\n<\/div><\/div><\/div><\/div><\/div><\/div><\/div><\/section><section class=\"l-section wpb_row height_small\"><div class=\"l-section-h i-cf\"><div class=\"g-cols vc_row via_flex valign_top type_default stacking_default\"><div class=\"vc_col-sm-12 wpb_column vc_column_container has_bg_color\"><div class=\"vc_column-inner us_custom_eef79b84\"><div class=\"vc_column-overlay\" style=\"background:var(--color-header-top-bg)\"><\/div><div class=\"wpb_wrapper\">[vc_custom_heading text=&#8220;Unterrichts- und Geb\u00fchrenordnung&#8220; use_theme_fonts=&#8220;yes&#8220;]<div class=\"wpb_text_column\"><div class=\"wpb_wrapper\"><p>Das Entgelt versteht sich als Jahresentgelt, das in 12 gleichen Teilen erhoben wird. Der Sch\u00fcler hat Anspruch auf mindestens 36 Unterrichtsstunden im Jahr.<\/p>\n<p>Der fortlaufende Unterricht findet au\u00dferhalb der Schulferien statt. W\u00e4hrend der gesetzlichen Schulferien und Feiertagen findet kein Unterricht statt.<\/p>\n<p>Die Geb\u00fchren f\u00fcr fortlaufenden Unterricht sind zu Begin des Monats f\u00e4llig.<br \/>\nDie Geb\u00fchren f\u00fcr einen Probemonat bzw. Blockunterricht sind einmalig zu Beginn der Einheiten zu entrichten.<\/p>\n<p>Eine Abmeldung vom fortlaufenden Unterricht ist pro Quartal m\u00f6glich und bedarf der schriftlichen Form, mindestens 6 Wochen vor Quartalsende.<\/p>\n<\/div><\/div><div class=\"w-separator size_medium\"><\/div><div class=\"wpb_text_column us_custom_50cc7d67 table_csk\" id=\"border: none\"><div class=\"wpb_wrapper\"><table border=\"0\" width=\"100%\">\n<tbody>\n<tr>\n<td><strong>Probemonat<\/strong> (4 Einheiten)<\/td>\n<td><strong>Preis pro Monat<\/strong>:<\/td>\n<td><strong>Preis pro Einheit:<\/strong><\/td>\n<\/tr>\n<tr>\n<td>30 Minuten pro Woche<\/td>\n<td>70,00 Euro<\/td>\n<td>17,50 Euro<\/td>\n<\/tr>\n<tr>\n<td>60 Minuten pro Woche<\/td>\n<td>140,00 Euro<\/td>\n<td>35,00 Euro<\/td>\n<\/tr>\n<tr>\n<td><strong>fortlaufender Unterricht<\/strong><\/td>\n<td><\/td>\n<td><\/td>\n<\/tr>\n<tr>\n<td>30 Minuten pro Woche<\/td>\n<td>65,00 Euro<\/td>\n<td>16,25 Euro<\/td>\n<\/tr>\n<tr>\n<td>60 Minuten pro Woche<\/td>\n<td>130,00 Euro<\/td>\n<td>32,50 Euro<\/td>\n<\/tr>\n<\/tbody>\n<\/table>\n<\/div><\/div><\/div><\/div><\/div><\/div><\/div><\/section>\n","protected":false},"excerpt":{"rendered":"[vc_custom_heading text=\"Bass- und Gitarrenunterricht in Ahaus\" font_container=\"tag:h1|text_align:left\" use_theme_fonts=\"yes\"]Willst du es richtig lernen? Hier gibt es Unterricht bei einem Diplom-Musiklehrer und erfahrenem Musiker. Unterricht in den F\u00e4chern: &#8211; E-Bass und Kontrabass &#8211; akustische Stahlsaitengitarre und E-Gitarre Der Unterricht wird gegeben einzeln oder in der Gruppe, mit Kindern oder Erwachsenen, mit Anf\u00e4ngern oder Fortgeschrittenen, bis hin zur...","protected":false},"author":1,"featured_media":0,"parent":0,"menu_order":0,"comment_status":"closed","ping_status":"closed","template":"","meta":{"footnotes":""},"class_list":["post-7","page","type-page","status-publish","hentry"],"yoast_head":"<!-- This site is optimized with the Yoast SEO plugin v23.6 - https:\/\/yoast.com\/wordpress\/plugins\/seo\/ -->\n<title>Bass- und Gitarrenunterricht in Ahaus | Nightsky Unterricht<\/title>\n<meta name=\"description\" content=\"Bass- und Gitarrenunterricht in Ahaus. Hier gibt es Unterricht bei einem Diplom-Musiklehrer und erfahrenem Musiker.\" \/>\n<meta name=\"robots\" content=\"index, follow, max-snippet:-1, max-image-preview:large, max-video-preview:-1\" \/>\n<link rel=\"canonical\" href=\"https:\/\/nightsky-music.de\/unterricht\/\" \/>\n<meta property=\"og:locale\" content=\"de_DE\" \/>\n<meta property=\"og:type\" content=\"article\" \/>\n<meta property=\"og:title\" content=\"Bass- und Gitarrenunterricht in Ahaus | Nightsky Unterricht\" \/>\n<meta property=\"og:description\" content=\"Bass- und Gitarrenunterricht in Ahaus. Hier gibt es Unterricht bei einem Diplom-Musiklehrer und erfahrenem Musiker.\" \/>\n<meta property=\"og:url\" content=\"https:\/\/nightsky-music.de\/unterricht\/\" \/>\n<meta property=\"og:site_name\" content=\"Unterricht\" \/>\n<meta property=\"article:publisher\" content=\"https:\/\/www.facebook.com\/NightskyStudio\" \/>\n<meta property=\"article:modified_time\" content=\"2021-12-21T22:15:30+00:00\" \/>\n<meta property=\"og:image\" content=\"http:\/\/nightsky-music.de\/unterricht\/wp-content\/uploads\/sites\/3\/2021\/12\/header-300x111.jpg\" \/>\n<meta name=\"twitter:card\" content=\"summary_large_image\" \/>\n<meta name=\"twitter:label1\" content=\"Gesch\u00e4tzte Lesezeit\" \/>\n\t<meta name=\"twitter:data1\" content=\"3\u00a0Minuten\" \/>\n<script type=\"application\/ld+json\" class=\"yoast-schema-graph\">{\"@context\":\"https:\/\/schema.org\",\"@graph\":[{\"@type\":\"WebPage\",\"@id\":\"https:\/\/nightsky-music.de\/unterricht\/\",\"url\":\"https:\/\/nightsky-music.de\/unterricht\/\",\"name\":\"Bass- und Gitarrenunterricht in Ahaus | Nightsky Unterricht\",\"isPartOf\":{\"@id\":\"https:\/\/nightsky-music.de\/unterricht\/#website\"},\"primaryImageOfPage\":{\"@id\":\"https:\/\/nightsky-music.de\/unterricht\/#primaryimage\"},\"image\":{\"@id\":\"https:\/\/nightsky-music.de\/unterricht\/#primaryimage\"},\"thumbnailUrl\":\"http:\/\/nightsky-music.de\/unterricht\/wp-content\/uploads\/sites\/3\/2021\/12\/header-300x111.jpg\",\"datePublished\":\"2019-11-25T11:09:46+00:00\",\"dateModified\":\"2021-12-21T22:15:30+00:00\",\"description\":\"Bass- und Gitarrenunterricht in Ahaus. Hier gibt es Unterricht bei einem Diplom-Musiklehrer und erfahrenem Musiker.\",\"breadcrumb\":{\"@id\":\"https:\/\/nightsky-music.de\/unterricht\/#breadcrumb\"},\"inLanguage\":\"de\",\"potentialAction\":[{\"@type\":\"ReadAction\",\"target\":[\"https:\/\/nightsky-music.de\/unterricht\/\"]}]},{\"@type\":\"ImageObject\",\"inLanguage\":\"de\",\"@id\":\"https:\/\/nightsky-music.de\/unterricht\/#primaryimage\",\"url\":\"https:\/\/nightsky-music.de\/unterricht\/wp-content\/uploads\/sites\/3\/2021\/12\/header.jpg\",\"contentUrl\":\"https:\/\/nightsky-music.de\/unterricht\/wp-content\/uploads\/sites\/3\/2021\/12\/header.jpg\",\"width\":2000,\"height\":742,\"caption\":\"Bass- und Gitarrenunterricht in Ahaus\"},{\"@type\":\"BreadcrumbList\",\"@id\":\"https:\/\/nightsky-music.de\/unterricht\/#breadcrumb\",\"itemListElement\":[{\"@type\":\"ListItem\",\"position\":1,\"name\":\"Startseite\",\"item\":\"https:\/\/nightsky-music.de\/unterricht\/\"},{\"@type\":\"ListItem\",\"position\":2,\"name\":\"Home\"}]},{\"@type\":\"WebSite\",\"@id\":\"https:\/\/nightsky-music.de\/unterricht\/#website\",\"url\":\"https:\/\/nightsky-music.de\/unterricht\/\",\"name\":\"Unterricht\",\"description\":\"Nightsky Music - Unterricht\",\"publisher\":{\"@id\":\"https:\/\/nightsky-music.de\/unterricht\/#organization\"},\"potentialAction\":[{\"@type\":\"SearchAction\",\"target\":{\"@type\":\"EntryPoint\",\"urlTemplate\":\"https:\/\/nightsky-music.de\/unterricht\/?s={search_term_string}\"},\"query-input\":{\"@type\":\"PropertyValueSpecification\",\"valueRequired\":true,\"valueName\":\"search_term_string\"}}],\"inLanguage\":\"de\"},{\"@type\":\"Organization\",\"@id\":\"https:\/\/nightsky-music.de\/unterricht\/#organization\",\"name\":\"Nightsky Music\",\"url\":\"https:\/\/nightsky-music.de\/unterricht\/\",\"logo\":{\"@type\":\"ImageObject\",\"inLanguage\":\"de\",\"@id\":\"https:\/\/nightsky-music.de\/unterricht\/#\/schema\/logo\/image\/\",\"url\":\"https:\/\/nightsky-music.de\/unterricht\/wp-content\/uploads\/sites\/3\/2019\/11\/nsm_logo_trnsp_250x118_flat.png\",\"contentUrl\":\"https:\/\/nightsky-music.de\/unterricht\/wp-content\/uploads\/sites\/3\/2019\/11\/nsm_logo_trnsp_250x118_flat.png\",\"width\":250,\"height\":118,\"caption\":\"Nightsky Music\"},\"image\":{\"@id\":\"https:\/\/nightsky-music.de\/unterricht\/#\/schema\/logo\/image\/\"},\"sameAs\":[\"https:\/\/www.facebook.com\/NightskyStudio\",\"https:\/\/www.instagram.com\/casimsalabim\/\",\"https:\/\/www.youtube.com\/channel\/UCohViaFL_2AiqWm0gTSxclg\"]}]}<\/script>\n<!-- \/ Yoast SEO plugin. -->","yoast_head_json":{"title":"Bass- und Gitarrenunterricht in Ahaus | Nightsky Unterricht","description":"Bass- und Gitarrenunterricht in Ahaus. Hier gibt es Unterricht bei einem Diplom-Musiklehrer und erfahrenem Musiker.","robots":{"index":"index","follow":"follow","max-snippet":"max-snippet:-1","max-image-preview":"max-image-preview:large","max-video-preview":"max-video-preview:-1"},"canonical":"https:\/\/nightsky-music.de\/unterricht\/","og_locale":"de_DE","og_type":"article","og_title":"Bass- und Gitarrenunterricht in Ahaus | Nightsky Unterricht","og_description":"Bass- und Gitarrenunterricht in Ahaus. Hier gibt es Unterricht bei einem Diplom-Musiklehrer und erfahrenem Musiker.","og_url":"https:\/\/nightsky-music.de\/unterricht\/","og_site_name":"Unterricht","article_publisher":"https:\/\/www.facebook.com\/NightskyStudio","article_modified_time":"2021-12-21T22:15:30+00:00","og_image":[{"url":"http:\/\/nightsky-music.de\/unterricht\/wp-content\/uploads\/sites\/3\/2021\/12\/header-300x111.jpg"}],"twitter_card":"summary_large_image","twitter_misc":{"Gesch\u00e4tzte Lesezeit":"3\u00a0Minuten"},"schema":{"@context":"https:\/\/schema.org","@graph":[{"@type":"WebPage","@id":"https:\/\/nightsky-music.de\/unterricht\/","url":"https:\/\/nightsky-music.de\/unterricht\/","name":"Bass- und Gitarrenunterricht in Ahaus | Nightsky Unterricht","isPartOf":{"@id":"https:\/\/nightsky-music.de\/unterricht\/#website"},"primaryImageOfPage":{"@id":"https:\/\/nightsky-music.de\/unterricht\/#primaryimage"},"image":{"@id":"https:\/\/nightsky-music.de\/unterricht\/#primaryimage"},"thumbnailUrl":"http:\/\/nightsky-music.de\/unterricht\/wp-content\/uploads\/sites\/3\/2021\/12\/header-300x111.jpg","datePublished":"2019-11-25T11:09:46+00:00","dateModified":"2021-12-21T22:15:30+00:00","description":"Bass- und Gitarrenunterricht in Ahaus. Hier gibt es Unterricht bei einem Diplom-Musiklehrer und erfahrenem Musiker.","breadcrumb":{"@id":"https:\/\/nightsky-music.de\/unterricht\/#breadcrumb"},"inLanguage":"de","potentialAction":[{"@type":"ReadAction","target":["https:\/\/nightsky-music.de\/unterricht\/"]}]},{"@type":"ImageObject","inLanguage":"de","@id":"https:\/\/nightsky-music.de\/unterricht\/#primaryimage","url":"https:\/\/nightsky-music.de\/unterricht\/wp-content\/uploads\/sites\/3\/2021\/12\/header.jpg","contentUrl":"https:\/\/nightsky-music.de\/unterricht\/wp-content\/uploads\/sites\/3\/2021\/12\/header.jpg","width":2000,"height":742,"caption":"Bass- und Gitarrenunterricht in Ahaus"},{"@type":"BreadcrumbList","@id":"https:\/\/nightsky-music.de\/unterricht\/#breadcrumb","itemListElement":[{"@type":"ListItem","position":1,"name":"Startseite","item":"https:\/\/nightsky-music.de\/unterricht\/"},{"@type":"ListItem","position":2,"name":"Home"}]},{"@type":"WebSite","@id":"https:\/\/nightsky-music.de\/unterricht\/#website","url":"https:\/\/nightsky-music.de\/unterricht\/","name":"Unterricht","description":"Nightsky Music - Unterricht","publisher":{"@id":"https:\/\/nightsky-music.de\/unterricht\/#organization"},"potentialAction":[{"@type":"SearchAction","target":{"@type":"EntryPoint","urlTemplate":"https:\/\/nightsky-music.de\/unterricht\/?s={search_term_string}"},"query-input":{"@type":"PropertyValueSpecification","valueRequired":true,"valueName":"search_term_string"}}],"inLanguage":"de"},{"@type":"Organization","@id":"https:\/\/nightsky-music.de\/unterricht\/#organization","name":"Nightsky Music","url":"https:\/\/nightsky-music.de\/unterricht\/","logo":{"@type":"ImageObject","inLanguage":"de","@id":"https:\/\/nightsky-music.de\/unterricht\/#\/schema\/logo\/image\/","url":"https:\/\/nightsky-music.de\/unterricht\/wp-content\/uploads\/sites\/3\/2019\/11\/nsm_logo_trnsp_250x118_flat.png","contentUrl":"https:\/\/nightsky-music.de\/unterricht\/wp-content\/uploads\/sites\/3\/2019\/11\/nsm_logo_trnsp_250x118_flat.png","width":250,"height":118,"caption":"Nightsky Music"},"image":{"@id":"https:\/\/nightsky-music.de\/unterricht\/#\/schema\/logo\/image\/"},"sameAs":["https:\/\/www.facebook.com\/NightskyStudio","https:\/\/www.instagram.com\/casimsalabim\/","https:\/\/www.youtube.com\/channel\/UCohViaFL_2AiqWm0gTSxclg"]}]}},"_links":{"self":[{"href":"https:\/\/nightsky-music.de\/unterricht\/wp-json\/wp\/v2\/pages\/7"}],"collection":[{"href":"https:\/\/nightsky-music.de\/unterricht\/wp-json\/wp\/v2\/pages"}],"about":[{"href":"https:\/\/nightsky-music.de\/unterricht\/wp-json\/wp\/v2\/types\/page"}],"author":[{"embeddable":true,"href":"https:\/\/nightsky-music.de\/unterricht\/wp-json\/wp\/v2\/users\/1"}],"replies":[{"embeddable":true,"href":"https:\/\/nightsky-music.de\/unterricht\/wp-json\/wp\/v2\/comments?post=7"}],"version-history":[{"count":89,"href":"https:\/\/nightsky-music.de\/unterricht\/wp-json\/wp\/v2\/pages\/7\/revisions"}],"predecessor-version":[{"id":150,"href":"https:\/\/nightsky-music.de\/unterricht\/wp-json\/wp\/v2\/pages\/7\/revisions\/150"}],"wp:attachment":[{"href":"https:\/\/nightsky-music.de\/unterricht\/wp-json\/wp\/v2\/media?parent=7"}],"curies":[{"name":"wp","href":"https:\/\/api.w.org\/{rel}","templated":true}]}}